{"id":24,"date":"2024-09-04T15:55:42","date_gmt":"2024-09-04T18:55:42","guid":{"rendered":"http:\/\/floraconsultoria.com.br\/?page_id=24"},"modified":"2024-09-06T15:07:57","modified_gmt":"2024-09-06T18:07:57","slug":"nossa-historia","status":"publish","type":"page","link":"https:\/\/floraconsultoria.com.br\/?page_id=24","title":{"rendered":"Nossa Hist\u00f3ria"},"content":{"rendered":"\t\t<div data-elementor-type=\"wp-page\" data-elementor-id=\"24\" class=\"elementor elementor-24\">\n\t\t\t\t<div class=\"elementor-element elementor-element-5caa2ff e-con-full e-flex e-con e-parent\" data-id=\"5caa2ff\" data-element_type=\"container\">\n\t\t<div class=\"elementor-element elementor-element-0ebb3df e-con-full e-flex e-con e-child\" data-id=\"0ebb3df\" data-element_type=\"container\">\n\t\t\t\t<div class=\"elementor-element elementor-element-7af2205 elementor-widget elementor-widget-image\" data-id=\"7af2205\" data-element_type=\"widget\" data-widget_type=\"image.default\">\n\t\t\t\t<div class=\"elementor-widget-container\">\n\t\t\t<style>\/*! elementor - v3.23.0 - 05-08-2024 *\/\n.elementor-widget-image{text-align:center}.elementor-widget-image a{display:inline-block}.elementor-widget-image a img[src$=\".svg\"]{width:48px}.elementor-widget-image img{vertical-align:middle;display:inline-block}<\/style>\t\t\t\t\t\t\t\t\t\t<img decoding=\"async\" width=\"356\" height=\"96\" src=\"https:\/\/floraconsultoria.com.br\/wp-content\/uploads\/2024\/09\/Logo-Flora-Site.png\" class=\"attachment-full size-full wp-image-17\" alt=\"\" srcset=\"https:\/\/floraconsultoria.com.br\/wp-content\/uploads\/2024\/09\/Logo-Flora-Site.png 356w, https:\/\/floraconsultoria.com.br\/wp-content\/uploads\/2024\/09\/Logo-Flora-Site-300x81.png 300w\" sizes=\"(max-width: 356px) 100vw, 356px\" \/>\t\t\t\t\t\t\t\t\t\t\t\t\t<\/div>\n\t\t\t\t<\/div>\n\t\t\t\t<\/div>\n\t\t<div class=\"elementor-element elementor-element-ca2bff7 e-con-full e-flex e-con e-child\" data-id=\"ca2bff7\" data-element_type=\"container\">\n\t\t\t\t<div class=\"elementor-element elementor-element-4d7727f elementor-widget elementor-widget-ekit-nav-menu\" data-id=\"4d7727f\" data-element_type=\"widget\" data-widget_type=\"ekit-nav-menu.default\">\n\t\t\t\t<div class=\"elementor-widget-container\">\n\t\t\t<div class=\"ekit-wid-con ekit_menu_responsive_tablet\" data-hamburger-icon=\"\" data-hamburger-icon-type=\"icon\" data-responsive-breakpoint=\"1024\">            <button class=\"elementskit-menu-hamburger elementskit-menu-toggler\"  type=\"button\" aria-label=\"hamburger-icon\">\n                                    <span class=\"elementskit-menu-hamburger-icon\"><\/span><span class=\"elementskit-menu-hamburger-icon\"><\/span><span class=\"elementskit-menu-hamburger-icon\"><\/span>\n                            <\/button>\n            <div id=\"ekit-megamenu-flora-2024\" class=\"elementskit-menu-container elementskit-menu-offcanvas-elements elementskit-navbar-nav-default ekit-nav-menu-one-page-no ekit-nav-dropdown-hover\"><ul id=\"menu-flora-2024\" class=\"elementskit-navbar-nav elementskit-menu-po-left submenu-click-on-icon\"><li id=\"menu-item-33\" class=\"menu-item menu-item-type-post_type menu-item-object-page menu-item-home menu-item-33 nav-item elementskit-mobile-builder-content\" data-vertical-menu=750px><a href=\"https:\/\/floraconsultoria.com.br\/\" class=\"ekit-menu-nav-link\">Home<\/a><\/li>\n<li id=\"menu-item-31\" class=\"menu-item menu-item-type-post_type menu-item-object-page menu-item-31 nav-item elementskit-mobile-builder-content\" data-vertical-menu=750px><a href=\"https:\/\/floraconsultoria.com.br\/?page_id=24\" class=\"ekit-menu-nav-link\">Nossa Hist\u00f3ria<\/a><\/li>\n<li id=\"menu-item-32\" class=\"menu-item menu-item-type-post_type menu-item-object-page menu-item-32 nav-item elementskit-mobile-builder-content\" data-vertical-menu=750px><a href=\"https:\/\/floraconsultoria.com.br\/?page_id=21\" class=\"ekit-menu-nav-link\">Servi\u00e7os<\/a><\/li>\n<li id=\"menu-item-30\" class=\"menu-item menu-item-type-post_type menu-item-object-page menu-item-30 nav-item elementskit-mobile-builder-content\" data-vertical-menu=750px><a href=\"https:\/\/floraconsultoria.com.br\/?page_id=27\" class=\"ekit-menu-nav-link\">Contatos<\/a><\/li>\n<\/ul><div class=\"elementskit-nav-identity-panel\">\n\t\t\t\t<div class=\"elementskit-site-title\">\n\t\t\t\t\t<a class=\"elementskit-nav-logo\" href=\"https:\/\/floraconsultoria.com.br\" target=\"_self\" rel=\"\">\n\t\t\t\t\t\t<img decoding=\"async\" src=\"\" title=\"\" alt=\"\" \/>\n\t\t\t\t\t<\/a> \n\t\t\t\t<\/div><button class=\"elementskit-menu-close elementskit-menu-toggler\" type=\"button\">X<\/button><\/div><\/div>\t\t\t\n\t\t\t<div class=\"elementskit-menu-overlay elementskit-menu-offcanvas-elements elementskit-menu-toggler ekit-nav-menu--overlay\"><\/div><\/div>\t\t<\/div>\n\t\t\t\t<\/div>\n\t\t\t\t<\/div>\n\t\t\t\t<\/div>\n\t\t<div class=\"elementor-element elementor-element-e681e57 e-flex e-con-boxed e-con e-parent\" data-id=\"e681e57\" data-element_type=\"container\">\n\t\t\t\t\t<div class=\"e-con-inner\">\n\t\t<div class=\"elementor-element elementor-element-7a3b37a e-con-full e-flex e-con e-child\" data-id=\"7a3b37a\" data-element_type=\"container\">\n\t\t\t\t<div class=\"elementor-element elementor-element-a0fbd2e elementor-widget elementor-widget-image\" data-id=\"a0fbd2e\" data-element_type=\"widget\" data-widget_type=\"image.default\">\n\t\t\t\t<div class=\"elementor-widget-container\">\n\t\t\t\t\t\t\t\t\t\t\t\t\t<img fetchpriority=\"high\" decoding=\"async\" width=\"800\" height=\"800\" src=\"https:\/\/floraconsultoria.com.br\/wp-content\/uploads\/2024\/09\/Arte_Historia_Flora.png\" class=\"attachment-large size-large wp-image-408\" alt=\"\" srcset=\"https:\/\/floraconsultoria.com.br\/wp-content\/uploads\/2024\/09\/Arte_Historia_Flora.png 1000w, https:\/\/floraconsultoria.com.br\/wp-content\/uploads\/2024\/09\/Arte_Historia_Flora-300x300.png 300w, https:\/\/floraconsultoria.com.br\/wp-content\/uploads\/2024\/09\/Arte_Historia_Flora-150x150.png 150w, https:\/\/floraconsultoria.com.br\/wp-content\/uploads\/2024\/09\/Arte_Historia_Flora-768x768.png 768w\" sizes=\"(max-width: 800px) 100vw, 800px\" \/>\t\t\t\t\t\t\t\t\t\t\t\t\t<\/div>\n\t\t\t\t<\/div>\n\t\t\t\t<\/div>\n\t\t<div class=\"elementor-element elementor-element-02c9773 e-con-full e-flex e-con e-child\" data-id=\"02c9773\" data-element_type=\"container\">\n\t\t\t\t<div class=\"elementor-element elementor-element-43d58b7 elementor-widget elementor-widget-text-editor\" data-id=\"43d58b7\" data-element_type=\"widget\" data-widget_type=\"text-editor.default\">\n\t\t\t\t<div class=\"elementor-widget-container\">\n\t\t\t<style>\/*! elementor - v3.23.0 - 05-08-2024 *\/\n.elementor-widget-text-editor.elementor-drop-cap-view-stacked .elementor-drop-cap{background-color:#69727d;color:#fff}.elementor-widget-text-editor.elementor-drop-cap-view-framed .elementor-drop-cap{color:#69727d;border:3px solid;background-color:transparent}.elementor-widget-text-editor:not(.elementor-drop-cap-view-default) .elementor-drop-cap{margin-top:8px}.elementor-widget-text-editor:not(.elementor-drop-cap-view-default) .elementor-drop-cap-letter{width:1em;height:1em}.elementor-widget-text-editor .elementor-drop-cap{float:left;text-align:center;line-height:1;font-size:50px}.elementor-widget-text-editor .elementor-drop-cap-letter{display:inline-block}<\/style>\t\t\t\t<p>A <strong>Flora Consultoria<\/strong> nasceu do desejo de transformar desafios em oportunidades, oferecendo solu\u00e7\u00f5es estrat\u00e9gicas e personalizadas para cada cliente. Com uma equipe altamente qualificada e comprometida, constru\u00edmos nossa trajet\u00f3ria com base em valores como \u00e9tica,<strong> inova\u00e7\u00e3o e excel\u00eancia<\/strong>. Ao longo dos anos, desenvolvemos uma rela\u00e7\u00e3o de confian\u00e7a e parceria com nossos clientes, sempre focados em entregar resultados que superem expectativas.<\/p><p>Desde o in\u00edcio, <strong>acreditamos que o sucesso \u00e9 constru\u00eddo atrav\u00e9s de colabora\u00e7\u00e3o e conhecimento<\/strong> profundo das necessidades de cada projeto. Nossa miss\u00e3o \u00e9 apoiar empresas de diferentes segmentos a crescer de forma sustent\u00e1vel e segura, oferecendo servi\u00e7os que v\u00e3o desde consultoria estrat\u00e9gica at\u00e9 a implementa\u00e7\u00e3o de melhorias operacionais.<\/p><p>Hoje, somos reconhecidos pelo nosso <strong>compromisso em fornecer solu\u00e7\u00f5es eficientes e inovadoras<\/strong>, com o foco em resultados concretos. Na Flora Consultoria, nosso sucesso \u00e9 o reflexo do sucesso dos nossos clientes, e \u00e9 isso que nos motiva a seguir em frente, sempre em busca de novas conquistas.<\/p>\t\t\t\t\t\t<\/div>\n\t\t\t\t<\/div>\n\t\t\t\t<\/div>\n\t\t\t\t\t<\/div>\n\t\t\t\t<\/div>\n\t\t<div class=\"elementor-element elementor-element-b1a7474 e-flex e-con-boxed e-con e-parent\" data-id=\"b1a7474\" data-element_type=\"container\">\n\t\t\t\t\t<div class=\"e-con-inner\">\n\t\t<div class=\"elementor-element elementor-element-73c8a91 e-con-full e-flex e-con e-child\" data-id=\"73c8a91\" data-element_type=\"container\">\n\t\t\t\t<div class=\"elementor-element elementor-element-5641692 elementor-widget__width-initial elementor-widget elementor-widget-image\" data-id=\"5641692\" data-element_type=\"widget\" data-widget_type=\"image.default\">\n\t\t\t\t<div class=\"elementor-widget-container\">\n\t\t\t\t\t\t\t\t\t\t\t\t\t<img decoding=\"async\" width=\"356\" height=\"96\" src=\"https:\/\/floraconsultoria.com.br\/wp-content\/uploads\/2024\/09\/Logo-Flora-Site.png\" class=\"attachment-full size-full wp-image-17\" alt=\"\" srcset=\"https:\/\/floraconsultoria.com.br\/wp-content\/uploads\/2024\/09\/Logo-Flora-Site.png 356w, https:\/\/floraconsultoria.com.br\/wp-content\/uploads\/2024\/09\/Logo-Flora-Site-300x81.png 300w\" sizes=\"(max-width: 356px) 100vw, 356px\" \/>\t\t\t\t\t\t\t\t\t\t\t\t\t<\/div>\n\t\t\t\t<\/div>\n\t\t\t\t<div class=\"elementor-element elementor-element-ab9d051 elementor-widget__width-initial elementor-widget elementor-widget-text-editor\" data-id=\"ab9d051\" data-element_type=\"widget\" data-widget_type=\"text-editor.default\">\n\t\t\t\t<div class=\"elementor-widget-container\">\n\t\t\t\t\t\t\t<p>Flora Consultoria | Av. \u00c2ngelo Cristianini, 32 &#8211; Sala 106 &#8211; Cidade J\u00falia, S\u00e3o Paulo &#8211; SP, 04424-000- CNPJ: 29.604.716\/0001-80<\/p>\t\t\t\t\t\t<\/div>\n\t\t\t\t<\/div>\n\t\t\t\t<\/div>\n\t\t\t\t\t<\/div>\n\t\t\t\t<\/div>\n\t\t<div class=\"elementor-element elementor-element-bb4e178 e-flex e-con-boxed e-con e-parent\" data-id=\"bb4e178\" data-element_type=\"container\" data-settings=\"{&quot;background_background&quot;:&quot;classic&quot;}\">\n\t\t\t\t\t<div class=\"e-con-inner\">\n\t\t\t\t<div class=\"elementor-element elementor-element-581431a elementor-widget elementor-widget-heading\" data-id=\"581431a\" data-element_type=\"widget\" data-widget_type=\"heading.default\">\n\t\t\t\t<div class=\"elementor-widget-container\">\n\t\t\t<style>\/*! elementor - v3.23.0 - 05-08-2024 *\/\n.elementor-heading-title{padding:0;margin:0;line-height:1}.elementor-widget-heading .elementor-heading-title[class*=elementor-size-]>a{color:inherit;font-size:inherit;line-height:inherit}.elementor-widget-heading .elementor-heading-title.elementor-size-small{font-size:15px}.elementor-widget-heading .elementor-heading-title.elementor-size-medium{font-size:19px}.elementor-widget-heading .elementor-heading-title.elementor-size-large{font-size:29px}.elementor-widget-heading .elementor-heading-title.elementor-size-xl{font-size:39px}.elementor-widget-heading .elementor-heading-title.elementor-size-xxl{font-size:59px}<\/style><p class=\"elementor-heading-title elementor-size-default\">\u00a9 2024 - Todos os Direitos Reservados a Flora Consultoria | Criado por 9VSK<\/p>\t\t<\/div>\n\t\t\t\t<\/div>\n\t\t\t\t\t<\/div>\n\t\t\t\t<\/div>\n\t\t\t\t<\/div>\n\t\t","protected":false},"excerpt":{"rendered":"<p>Home Nossa Hist\u00f3ria Servi\u00e7os Contatos X A Flora Consultoria nasceu do desejo de transformar desafios em oportunidades, oferecendo solu\u00e7\u00f5es estrat\u00e9gicas e personalizadas para cada cliente. Com uma equipe altamente qualificada e comprometida, constru\u00edmos nossa trajet\u00f3ria com base em valores como \u00e9tica, inova\u00e7\u00e3o e excel\u00eancia. Ao longo dos anos, desenvolvemos uma rela\u00e7\u00e3o de confian\u00e7a e parceria [&hellip;]<\/p>\n","protected":false},"author":1,"featured_media":0,"parent":0,"menu_order":0,"comment_status":"closed","ping_status":"closed","template":"elementor_canvas","meta":{"footnotes":""},"class_list":["post-24","page","type-page","status-publish","hentry"],"_links":{"self":[{"href":"https:\/\/floraconsultoria.com.br\/index.php?rest_route=\/wp\/v2\/pages\/24","targetHints":{"allow":["GET"]}}],"collection":[{"href":"https:\/\/floraconsultoria.com.br\/index.php?rest_route=\/wp\/v2\/pages"}],"about":[{"href":"https:\/\/floraconsultoria.com.br\/index.php?rest_route=\/wp\/v2\/types\/page"}],"author":[{"embeddable":true,"href":"https:\/\/floraconsultoria.com.br\/index.php?rest_route=\/wp\/v2\/users\/1"}],"replies":[{"embeddable":true,"href":"https:\/\/floraconsultoria.com.br\/index.php?rest_route=%2Fwp%2Fv2%2Fcomments&post=24"}],"version-history":[{"count":25,"href":"https:\/\/floraconsultoria.com.br\/index.php?rest_route=\/wp\/v2\/pages\/24\/revisions"}],"predecessor-version":[{"id":430,"href":"https:\/\/floraconsultoria.com.br\/index.php?rest_route=\/wp\/v2\/pages\/24\/revisions\/430"}],"wp:attachment":[{"href":"https:\/\/floraconsultoria.com.br\/index.php?rest_route=%2Fwp%2Fv2%2Fmedia&parent=24"}],"curies":[{"name":"wp","href":"https:\/\/api.w.org\/{rel}","templated":true}]}}